{"id":48,"date":"2025-02-26T16:46:53","date_gmt":"2025-02-26T15:46:53","guid":{"rendered":"https:\/\/etanchelux.com\/?page_id=48"},"modified":"2025-07-21T07:51:31","modified_gmt":"2025-07-21T05:51:31","slug":"toitures-vegetales","status":"publish","type":"page","link":"https:\/\/etanchelux.com\/index.php\/nos-services\/toitures-vegetales\/","title":{"rendered":"Toitures V\u00e9g\u00e9tales"},"content":{"rendered":"\n<figure class=\"wp-block-image size-full is-resized is-style-rounded\"><img loading=\"lazy\" decoding=\"async\" width=\"229\" height=\"231\" src=\"https:\/\/etanchelux.com\/wp-content\/uploads\/2025\/02\/logosanscadre-3.jpg\" alt=\"\" class=\"wp-image-88\" style=\"width:112px;height:auto\" srcset=\"https:\/\/etanchelux.com\/wp-content\/uploads\/2025\/02\/logosanscadre-3.jpg 229w, https:\/\/etanchelux.com\/wp-content\/uploads\/2025\/02\/logosanscadre-3-150x150.jpg 150w\" sizes=\"auto, (max-width: 229px) 100vw, 229px\" \/><\/figure>\n\n\n\n<p><strong>Pourquoi opter pour une toiture v\u00e9g\u00e9talis\u00e9e ?<\/strong><\/p>\n\n\n\n<p>La <strong>toiture v\u00e9g\u00e9talis\u00e9e<\/strong> est une solution innovante et durable qui offre de nombreux avantages, tant pour l\u2019environnement que pour les occupants d\u2019un b\u00e2timent. Elle consiste \u00e0 recouvrir la toiture d\u2019un espace v\u00e9g\u00e9tal, en utilisant des plantes adapt\u00e9es aux conditions climatiques et au support de la toiture.<\/p>\n\n\n\n<figure class=\"wp-block-gallery has-nested-images columns-default is-cropped wp-block-gallery-1 is-layout-flex wp-block-gallery-is-layout-flex\">\n<figure class=\"wp-block-image size-large\"><img loading=\"lazy\" decoding=\"async\" width=\"768\" height=\"1024\" data-id=\"538\" src=\"https:\/\/etanchelux.com\/wp-content\/uploads\/2025\/05\/unnamed4-768x1024.jpg\" alt=\"\" class=\"wp-image-538\" srcset=\"https:\/\/etanchelux.com\/wp-content\/uploads\/2025\/05\/unnamed4-768x1024.jpg 768w, https:\/\/etanchelux.com\/wp-content\/uploads\/2025\/05\/unnamed4-225x300.jpg 225w, https:\/\/etanchelux.com\/wp-content\/uploads\/2025\/05\/unnamed4-1152x1536.jpg 1152w, https:\/\/etanchelux.com\/wp-content\/uploads\/2025\/05\/unnamed4-1536x2048.jpg 1536w, https:\/\/etanchelux.com\/wp-content\/uploads\/2025\/05\/unnamed4-scaled.jpg 1920w\" sizes=\"auto, (max-width: 768px) 100vw, 768px\" \/><\/figure>\n<\/figure>\n\n\n\n<p><strong>Les avantages d&rsquo;une toiture v\u00e9g\u00e9talis\u00e9e :<\/strong><\/p>\n\n\n\n<ul class=\"wp-block-list\">\n<li><strong>Am\u00e9lioration de l&rsquo;isolation thermique et acoustique<\/strong> : La v\u00e9g\u00e9tation joue un r\u00f4le important dans l&rsquo;optimisation de l&rsquo;efficacit\u00e9 \u00e9nerg\u00e9tique d\u2019un b\u00e2timent. Elle permet de maintenir une temp\u00e9rature int\u00e9rieure agr\u00e9able en r\u00e9duisant les variations thermiques et am\u00e9liore \u00e9galement l\u2019isolation acoustique, ce qui contribue \u00e0 un environnement plus confortable.<\/li>\n\n\n\n<li><strong>Gestion des eaux pluviales<\/strong> : Une toiture v\u00e9g\u00e9talis\u00e9e aide \u00e0 la gestion des eaux de pluie en les absorbant et en les \u00e9vaporant, ce qui r\u00e9duit le risque d&rsquo;infiltration d&rsquo;eau et d&rsquo;accumulation sur la toiture. Cela permet aussi de limiter les risques d&rsquo;inondation en cas de fortes pluies et de participer \u00e0 la gestion durable de l\u2019eau dans les espaces urbains.<\/li>\n\n\n\n<li><strong>Am\u00e9lioration de la qualit\u00e9 de l&rsquo;air<\/strong> : En absorbant le dioxyde de carbone et en lib\u00e9rant de l\u2019oxyg\u00e8ne, les v\u00e9g\u00e9taux contribuent \u00e0 am\u00e9liorer la qualit\u00e9 de l\u2019air, ce qui profite \u00e0 l\u2019environnement et au bien-\u00eatre des occupants.<\/li>\n\n\n\n<li><strong>Esth\u00e9tique et valorisation de l&rsquo;immeuble<\/strong> : La toiture v\u00e9g\u00e9talis\u00e9e ajoute une touche esth\u00e9tique naturelle \u00e0 un b\u00e2timent, tout en apportant un cadre agr\u00e9able et apaisant. Elle peut \u00e9galement contribuer \u00e0 la valorisation immobili\u00e8re en offrant une alternative \u00e9cologique et moderne aux constructions classiques.<\/li>\n\n\n\n<li><strong>Durabilit\u00e9 et protection de la toiture<\/strong> : En plus de ses b\u00e9n\u00e9fices environnementaux et esth\u00e9tiques, une toiture v\u00e9g\u00e9talis\u00e9e agit comme une protection suppl\u00e9mentaire contre les agressions ext\u00e9rieures (UV, variations climatiques), ce qui permet d\u2019allonger la dur\u00e9e de vie de la toiture et de r\u00e9duire les co\u00fbts de maintenance.<\/li>\n<\/ul>\n\n\n\n<figure class=\"wp-block-gallery has-nested-images columns-default is-cropped wp-block-gallery-2 is-layout-flex wp-block-gallery-is-layout-flex\">\n<figure class=\"wp-block-image size-large\"><img loading=\"lazy\" decoding=\"async\" width=\"1024\" height=\"367\" data-id=\"407\" src=\"https:\/\/etanchelux.com\/wp-content\/uploads\/2025\/03\/caissettesedumsjpg_5dff92360274d-1024x367.jpg\" alt=\"\" class=\"wp-image-407\" srcset=\"https:\/\/etanchelux.com\/wp-content\/uploads\/2025\/03\/caissettesedumsjpg_5dff92360274d-1024x367.jpg 1024w, https:\/\/etanchelux.com\/wp-content\/uploads\/2025\/03\/caissettesedumsjpg_5dff92360274d-300x108.jpg 300w, https:\/\/etanchelux.com\/wp-content\/uploads\/2025\/03\/caissettesedumsjpg_5dff92360274d-768x276.jpg 768w, https:\/\/etanchelux.com\/wp-content\/uploads\/2025\/03\/caissettesedumsjpg_5dff92360274d-1536x551.jpg 1536w, https:\/\/etanchelux.com\/wp-content\/uploads\/2025\/03\/caissettesedumsjpg_5dff92360274d-500x179.jpg 500w, https:\/\/etanchelux.com\/wp-content\/uploads\/2025\/03\/caissettesedumsjpg_5dff92360274d.jpg 1600w\" sizes=\"auto, (max-width: 1024px) 100vw, 1024px\" \/><\/figure>\n<\/figure>\n","protected":false},"excerpt":{"rendered":"<p>Pourquoi opter pour une toiture v\u00e9g\u00e9talis\u00e9e ? La toiture v\u00e9g\u00e9talis\u00e9e est une solution innovante et durable qui offre de nombreux avantages, tant pour l\u2019environnement que pour les occupants d\u2019un b\u00e2timent. Elle consiste \u00e0 recouvrir la toiture d\u2019un espace v\u00e9g\u00e9tal, en &hellip; <a href=\"https:\/\/etanchelux.com\/index.php\/nos-services\/toitures-vegetales\/\">Continuer la lecture <span class=\"meta-nav\">&rarr;<\/span><\/a><\/p>\n","protected":false},"author":1,"featured_media":0,"parent":40,"menu_order":2,"comment_status":"closed","ping_status":"closed","template":"","meta":{"footnotes":""},"class_list":["post-48","page","type-page","status-publish","hentry"],"jetpack_sharing_enabled":true,"_links":{"self":[{"href":"https:\/\/etanchelux.com\/index.php\/wp-json\/wp\/v2\/pages\/48","targetHints":{"allow":["GET"]}}],"collection":[{"href":"https:\/\/etanchelux.com\/index.php\/wp-json\/wp\/v2\/pages"}],"about":[{"href":"https:\/\/etanchelux.com\/index.php\/wp-json\/wp\/v2\/types\/page"}],"author":[{"embeddable":true,"href":"https:\/\/etanchelux.com\/index.php\/wp-json\/wp\/v2\/users\/1"}],"replies":[{"embeddable":true,"href":"https:\/\/etanchelux.com\/index.php\/wp-json\/wp\/v2\/comments?post=48"}],"version-history":[{"count":9,"href":"https:\/\/etanchelux.com\/index.php\/wp-json\/wp\/v2\/pages\/48\/revisions"}],"predecessor-version":[{"id":539,"href":"https:\/\/etanchelux.com\/index.php\/wp-json\/wp\/v2\/pages\/48\/revisions\/539"}],"up":[{"embeddable":true,"href":"https:\/\/etanchelux.com\/index.php\/wp-json\/wp\/v2\/pages\/40"}],"wp:attachment":[{"href":"https:\/\/etanchelux.com\/index.php\/wp-json\/wp\/v2\/media?parent=48"}],"curies":[{"name":"wp","href":"https:\/\/api.w.org\/{rel}","templated":true}]}}