{"id":601,"date":"2025-07-21T08:30:50","date_gmt":"2025-07-21T06:30:50","guid":{"rendered":"https:\/\/etanchelux.com\/?page_id=601"},"modified":"2025-07-21T08:34:22","modified_gmt":"2025-07-21T06:34:22","slug":"descente-deau-pluviales-en-zinc-et-en-aluminium-thermolaque","status":"publish","type":"page","link":"https:\/\/etanchelux.com\/index.php\/nos-services\/descente-deau-pluviales-en-zinc-et-en-aluminium-thermolaque\/","title":{"rendered":"Descente d&rsquo;eau pluviales en zinc et en aluminium thermolaqu\u00e9"},"content":{"rendered":"\n<figure class=\"wp-block-image size-full is-resized is-style-rounded\"><img loading=\"lazy\" decoding=\"async\" width=\"229\" height=\"231\" src=\"https:\/\/etanchelux.com\/wp-content\/uploads\/2025\/02\/logosanscadre.jpg\" alt=\"\" class=\"wp-image-58\" style=\"width:103px;height:auto\" srcset=\"https:\/\/etanchelux.com\/wp-content\/uploads\/2025\/02\/logosanscadre.jpg 229w, https:\/\/etanchelux.com\/wp-content\/uploads\/2025\/02\/logosanscadre-150x150.jpg 150w\" sizes=\"auto, (max-width: 229px) 100vw, 229px\" \/><\/figure>\n\n\n\n<p><strong>L&rsquo;importance des descentes d&rsquo;eaux pour l&rsquo;\u00e9coulement des eaux de vos toitures<\/strong><\/p>\n\n\n\n<p>Les descentes d&rsquo;eaux pluviales jouent un r\u00f4le crucial pour prot\u00e9ger vos b\u00e2timents des infiltrations sur les toitures, les fondations ainsi que les murs.<\/p>\n\n\n\n<p>Mais elles permets aussi de prot\u00e9ger les mat\u00e9riaux de construction comme l&rsquo;\u00e9tanch\u00e9it\u00e9, l&rsquo;isolation, les enduits ainsi que la peinture contre l&rsquo;humidit\u00e9 et la d\u00e9gradation.<\/p>\n\n\n\n<p>DESCENTE D&rsquo;EAU EN ALUMINIUM THERMOLAQU\u00c9<\/p>\n\n\n\n<figure class=\"wp-block-image size-full is-resized\"><img loading=\"lazy\" decoding=\"async\" width=\"503\" height=\"466\" src=\"https:\/\/etanchelux.com\/wp-content\/uploads\/2025\/07\/Capture-decran-2025-07-21-081820.png\" alt=\"\" class=\"wp-image-603\" style=\"width:314px;height:auto\" srcset=\"https:\/\/etanchelux.com\/wp-content\/uploads\/2025\/07\/Capture-decran-2025-07-21-081820.png 503w, https:\/\/etanchelux.com\/wp-content\/uploads\/2025\/07\/Capture-decran-2025-07-21-081820-300x278.png 300w, https:\/\/etanchelux.com\/wp-content\/uploads\/2025\/07\/Capture-decran-2025-07-21-081820-324x300.png 324w\" sizes=\"auto, (max-width: 503px) 100vw, 503px\" \/><\/figure>\n\n\n\n<p>DESCENTE D&rsquo;EAU EN ZINC<\/p>\n\n\n\n<figure class=\"wp-block-image size-full is-resized\"><img loading=\"lazy\" decoding=\"async\" width=\"678\" height=\"767\" src=\"https:\/\/etanchelux.com\/wp-content\/uploads\/2025\/07\/Capture-decran-2025-07-21-083002.png\" alt=\"\" class=\"wp-image-604\" style=\"width:335px;height:auto\" srcset=\"https:\/\/etanchelux.com\/wp-content\/uploads\/2025\/07\/Capture-decran-2025-07-21-083002.png 678w, https:\/\/etanchelux.com\/wp-content\/uploads\/2025\/07\/Capture-decran-2025-07-21-083002-265x300.png 265w\" sizes=\"auto, (max-width: 678px) 100vw, 678px\" \/><\/figure>\n","protected":false},"excerpt":{"rendered":"<p>L&rsquo;importance des descentes d&rsquo;eaux pour l&rsquo;\u00e9coulement des eaux de vos toitures Les descentes d&rsquo;eaux pluviales jouent un r\u00f4le crucial pour prot\u00e9ger vos b\u00e2timents des infiltrations sur les toitures, les fondations ainsi que les murs. Mais elles permets aussi de prot\u00e9ger &hellip; <a href=\"https:\/\/etanchelux.com\/index.php\/nos-services\/descente-deau-pluviales-en-zinc-et-en-aluminium-thermolaque\/\">Continuer la lecture <span class=\"meta-nav\">&rarr;<\/span><\/a><\/p>\n","protected":false},"author":1,"featured_media":0,"parent":40,"menu_order":5,"comment_status":"closed","ping_status":"closed","template":"","meta":{"footnotes":""},"class_list":["post-601","page","type-page","status-publish","hentry"],"jetpack_sharing_enabled":true,"_links":{"self":[{"href":"https:\/\/etanchelux.com\/index.php\/wp-json\/wp\/v2\/pages\/601","targetHints":{"allow":["GET"]}}],"collection":[{"href":"https:\/\/etanchelux.com\/index.php\/wp-json\/wp\/v2\/pages"}],"about":[{"href":"https:\/\/etanchelux.com\/index.php\/wp-json\/wp\/v2\/types\/page"}],"author":[{"embeddable":true,"href":"https:\/\/etanchelux.com\/index.php\/wp-json\/wp\/v2\/users\/1"}],"replies":[{"embeddable":true,"href":"https:\/\/etanchelux.com\/index.php\/wp-json\/wp\/v2\/comments?post=601"}],"version-history":[{"count":3,"href":"https:\/\/etanchelux.com\/index.php\/wp-json\/wp\/v2\/pages\/601\/revisions"}],"predecessor-version":[{"id":606,"href":"https:\/\/etanchelux.com\/index.php\/wp-json\/wp\/v2\/pages\/601\/revisions\/606"}],"up":[{"embeddable":true,"href":"https:\/\/etanchelux.com\/index.php\/wp-json\/wp\/v2\/pages\/40"}],"wp:attachment":[{"href":"https:\/\/etanchelux.com\/index.php\/wp-json\/wp\/v2\/media?parent=601"}],"curies":[{"name":"wp","href":"https:\/\/api.w.org\/{rel}","templated":true}]}}